{"id":73137,"date":"2021-09-14T14:49:30","date_gmt":"2021-09-14T12:49:30","guid":{"rendered":"https:\/\/dogpride1.wpengine.com\/?post_type=product&#038;p=73137"},"modified":"2022-10-27T10:13:50","modified_gmt":"2022-10-27T08:13:50","slug":"protech-ballistisch-beschermings-harnas","status":"publish","type":"product","link":"https:\/\/dogpride.nl\/de\/protech-ballistisch-beschermings-harnas\/","title":{"rendered":"Ballistischer Schutzgurt von PROTECH"},"content":{"rendered":"<h1 class=\"txt-title-fichier\">Ballistischer Schutzgurt von PROTECH<\/h1>\n<p>Ballistischer Schutzgurt von PROTECH<\/p>\n<p><span class=\"goog-text-highlight\">Die kugelsichere Weste von PROTECH f\u00fcr Hunde bietet je nach gew\u00fcnschtem Niveau Schutz der Klasse NIJ II oder NIJ III.<\/span><\/p>\n<p>Es sch\u00fctzt den Hund effektiv an Brust, R\u00fccken und Seiten und f\u00f6rdert gleichzeitig die Beweglichkeit Ihres Hundes w\u00e4hrend des Eingriffs.<\/p>\n<p>Ergonomische Form mit Verstellm\u00f6glichkeiten per Riemen.<br \/>\nDas Geschirr ist mit Klettverschluss, Griff und Befestigungspunkt f\u00fcr Leine oder Lanyard ausgestattet.<br \/>\nHergestellt aus robustem Cordura-Canvas, innen ein Nylon-Ripstop f\u00fcr gute Atmungsaktivit\u00e4t.<br \/>\nAbnehmbare Heckverl\u00e4ngerung<\/p>\n<p>Erh\u00e4ltlich in Schwarz, Multicam und Tactigal Green<\/p>\n<p><span class=\"\">Geben Sie die Gr\u00f6\u00dfe und Farbe bei der Bestellung per E-Mail info@dogpride.nl an<\/span><\/p>\n<p><strong>Gr\u00f6\u00dfentabelle:<\/strong><\/p>\n<p><img loading=\"lazy\" decoding=\"async\" class=\"alignnone wp-image-73138 size-full\" src=\"https:\/\/www.dogpride.nl\/wp-content\/uploads\/Maattabel-.jpg\" alt=\"\" width=\"618\" height=\"680\" srcset=\"https:\/\/dogpride.nl\/wp-content\/uploads\/Maattabel-.jpg 618w, https:\/\/dogpride.nl\/wp-content\/uploads\/Maattabel--250x275.jpg 250w, https:\/\/dogpride.nl\/wp-content\/uploads\/Maattabel--400x440.jpg 400w, https:\/\/dogpride.nl\/wp-content\/uploads\/Maattabel--273x300.jpg 273w, https:\/\/dogpride.nl\/wp-content\/uploads\/Maattabel--200x220.jpg 200w, https:\/\/dogpride.nl\/wp-content\/uploads\/Maattabel--600x660.jpg 600w\" sizes=\"auto, (max-width: 618px) 100vw, 618px\" \/><\/p>","protected":false},"excerpt":{"rendered":"<p class=\"txt-title-fichier\"><span class=\"goog-text-highlight\">Die kugelsichere Weste von PROTECH f\u00fcr Hunde bietet je nach gew\u00fcnschtem Niveau Schutz der Klasse NIJ II oder NIJ III.<\/span><\/p>","protected":false},"featured_media":73139,"template":"","meta":[],"product_brand":[],"product_cat":[2808],"product_tag":[4604,4605,4606,4603],"class_list":{"0":"post-73137","1":"product","2":"type-product","3":"status-publish","4":"has-post-thumbnail","6":"product_cat-honden-veiligheidsvesten","7":"product_tag-ballistisch","8":"product_tag-beschermings","9":"product_tag-harnas","10":"product_tag-protech","12":"first","13":"instock","14":"taxable","15":"shipping-taxable","16":"purchasable","17":"product-type-variable"},"mb":[],"mfb_rest_fields":["title"],"_links":{"self":[{"href":"https:\/\/dogpride.nl\/de\/wp-json\/wp\/v2\/product\/73137","targetHints":{"allow":["GET"]}}],"collection":[{"href":"https:\/\/dogpride.nl\/de\/wp-json\/wp\/v2\/product"}],"about":[{"href":"https:\/\/dogpride.nl\/de\/wp-json\/wp\/v2\/types\/product"}],"wp:featuredmedia":[{"embeddable":true,"href":"https:\/\/dogpride.nl\/de\/wp-json\/wp\/v2\/media\/73139"}],"wp:attachment":[{"href":"https:\/\/dogpride.nl\/de\/wp-json\/wp\/v2\/media?parent=73137"}],"wp:term":[{"taxonomy":"product_brand","embeddable":true,"href":"https:\/\/dogpride.nl\/de\/wp-json\/wp\/v2\/product_brand?post=73137"},{"taxonomy":"product_cat","embeddable":true,"href":"https:\/\/dogpride.nl\/de\/wp-json\/wp\/v2\/product_cat?post=73137"},{"taxonomy":"product_tag","embeddable":true,"href":"https:\/\/dogpride.nl\/de\/wp-json\/wp\/v2\/product_tag?post=73137"}],"curies":[{"name":"wp","href":"https:\/\/api.w.org\/{rel}","templated":true}]}}

<h1 class="txt-title-fichier">Ballistischer Schutzgurt von PROTECH</h1>
<p>Ballistischer Schutzgurt von PROTECH</p>
<p><span class="goog-text-highlight">Die kugelsichere Weste von PROTECH für Hunde bietet je nach gewünschtem Niveau Schutz der Klasse NIJ II oder NIJ III.</span></p>
<p>Es schützt den Hund effektiv an Brust, Rücken und Seiten und fördert gleichzeitig die Beweglichkeit Ihres Hundes während des Eingriffs.</p>
<p>Ergonomische Form mit Verstellmöglichkeiten per Riemen.<br />
Das Geschirr ist mit Klettverschluss, Griff und Befestigungspunkt für Leine oder Lanyard ausgestattet.<br />
Hergestellt aus robustem Cordura-Canvas, innen ein Nylon-Ripstop für gute Atmungsaktivität.<br />
Abnehmbare Heckverlängerung</p>
<p>Erhältlich in Schwarz, Multicam und Tactigal Green</p>
<p><span class="">Geben Sie die Größe und Farbe bei der Bestellung per E-Mail info@dogpride.nl an</span></p>
<p><strong>Größentabelle:</strong></p>
<p><img loading="lazy" decoding="async" class="alignnone wp-image-73138 size-full" src="https://www.dogpride.nl/wp-content/uploads/Maattabel-.jpg" alt="" width="618" height="680" srcset="https://dogpride.nl/wp-content/uploads/Maattabel-.jpg 618w, https://dogpride.nl/wp-content/uploads/Maattabel--250x275.jpg 250w, https://dogpride.nl/wp-content/uploads/Maattabel--400x440.jpg 400w, https://dogpride.nl/wp-content/uploads/Maattabel--273x300.jpg 273w, https://dogpride.nl/wp-content/uploads/Maattabel--200x220.jpg 200w, https://dogpride.nl/wp-content/uploads/Maattabel--600x660.jpg 600w" sizes="auto, (max-width: 618px) 100vw, 618px" /></p>

<p class="txt-title-fichier"><span class="goog-text-highlight">Die kugelsichere Weste von PROTECH für Hunde bietet je nach gewünschtem Niveau Schutz der Klasse NIJ II oder NIJ III.</span></p>
